d by 2276.
852
Calculate the remainder when 25327 is divided by 5679.
2611
What is the remainder when 116757 is divided by 998?
989
What is the remainder when 17106830 is divided by 1486?
1484
Calculate the remainder when 85334 is divided by 1052.
122
Calculate the remainder when 2294450 is divided by 1801.
1777
What is the remainder when 185926491 is divided by 15493873?
15
What is the remainder when 2408375 is divided by 155?
140
What is the remainder when 10784723 is divided by 3594892?
47
What is the remainder when 162331 is divided by 23189?
8
What is the remainder when 219216 is divided by 933?
894
Calculate the remainder when 1055105 is divided by 167.
166
Calculate the remainder when 214440 is divided by 8394.
4590
What is the remainder when 17939 is divided by 528?
515
Calculate the remainder when 1887348 is divided by 910.
8
What is the remainder when 4538513 is divided by 34124?
21
Calculate the remainder when 20474576 is divided by 1218.
1214
Calculate the remainder when 186235 is divided by 93011.
213
What is the remainder when 1422947 is divided by 3437?
29
Calculate the remainder when 248431 is divided by 447.
346
Calculate the remainder when 76217969 is divided by 1734.
1733
What is the remainder when 90471 is divided by 17?
14
Calculate the remainder when 662201 is divided by 30098.
45
What is the remainder when 688891 is divided by 217?
133
What is the remainder when 14555220 is divided by 970348?
0
Calculate the remainder when 881528 is divided by 14533.
9548
What is the remainder when 4550550 is divided by 758379?
276
What is the remainder when 8652 is divided by 2596?
864
What is the remainder when 663238 is divided by 331605?
28
What is the remainder when 1176152 is divided by 90467?
81
What is the remainder when 3399286 is divided by 3165?
76
What is the remainder when 51117728 is divided by 25558864?
0
What is the remainder when 90134435 is divided by 1583?
1581
Calculate the remainder when 22237197 is divided by 2145.
2127
Calculate the remainder when 586125 is divided by 26533.
2399
What is the remainder when 1358316 is divided by 339576?
12
Calculate the remainder when 15769767 is divided by 38276.
55
Calculate the remainder when 111322 is divided by 873.
451
What is the remainder when 53310026 is divided by 1685?
1681
Calculate the remainder when 410361 is divided by 10788.
417
Calculate the remainder when 403317 is divided by 80661.
12
Calculate the remainder when 1664495 is divided by 46234.
71
Calculate the remainder when 897886452 is divided by 21.
15
Calculate the remainder when 1850814 is divided by 1146.
24
Calculate the remainder when 8834815 is divided by 24337.
484
Calculate the remainder when 10164346 is divided by 172.
6
What is the remainder when 25694 is divided by 1808?
382
What is the remainder when 615370 is divided by 74?
60
What is the remainder when 15305196 is divided by 7?
4
Calculate the remainder when 18789 is divided by 18229.
560
What is the remainder when 32452554 is divided by 2858?
2822
What is the remainder when 5567619 is divided by 2783807?
5
Calculate the remainder when 687631 is divided by 229206.
13
What is the remainder when 270532 is divided by 67102?
2124
What is the remainder when 1512818 is divided by 1057?
251
What is the remainder when 16487392 is divided by 302?
4
Calculate the remainder when 260640 is divided by 1440.
0
Calculate the remainder when 77279 is divided by 451.
158
Calculate the remainder when 22759505 is divided by 14423.
11
What is the remainder when 536742 is divided by 1683?
1548
Calculate the remainder when 912048 is divided by 12846.
12828
What is the remainder when 1336249 is divided by 2526?
2521
Calculate the remainder when 6604354 is divided by 3302166.
22
What is the remainder when 139071568 is divided by 204517?
8
Calculate the remainder when 135609 is divided by 27109.
64
Calculate the remainder when 8354801 is divided by 47.
34
What is the remainder when 10432069 is divided by 3477355?
4
Calculate the remainder when 56690 is divided by 2545.
700
Calculate the remainder when 24559 is divided by 1118.
1081
What is the remainder when 6652 is divided by 2675?
1302
What is the remainder when 244865 is divided by 30608?
1
What is the remainder when 14014935 is divided by 1490?
1485
What is the remainder when 12086982 is divided by 364?
362
What is the remainder when 37504756 is divided by 78298?
14
Calculate the remainder when 9076841 is divided by 66.
59
Calculate the remainder when 2457624 is divided by 281.
279
Calculate the remainder when 5699794 is divided by 1124.
1114
Calculate the remainder when 635746 is divided by 8945.
651
What is the remainder when 3648982 is divided by 3087?
148
Calculate the remainder when 30547 is divided by 314.
89
Calculate the remainder when 1618441 is divided by 355.
351
Calculate the remainder when 12539846 is divided by 53.
46
What is the remainder when 8351869 is divided by 867?
58
What is the remainder when 3367930 is divided by 270?
220
Calculate the remainder when 3874435 is divided by 52357.
17
What is the remainder when 953019 is divided by 4632?
3459
Calculate the remainder when 932336 is divided by 2597.
13
Calculate the remainder when 206362 is divided by 4912.
58
Calculate the remainder when 44025131 is divided by 2117.
2116
What is the remainder when 4673621 is divided by 55?
51
What is the remainder when 59119 is divided by 538?
477
Calculate the remainder when 631493 is divided by 23366.
611
Calculate the remainder when 1937521 is divided by 677.
624
What is the remainder when 229216 is divided by 9550?
16
Calculate the remainder when 186573148 is divided by 38.
26
What is the remainder when 191497615 is divided by 643?
641
What is the remainder when 18132 is divided by 1208?
12
What is the remainder when 12161106 is divided by 31?
23
Calculate the remainder when 13611 is divided by 3823.
2142
Calculate the remainder when 1270334 is divided by 74.
50
What is the remainder when 275090 is divided by 7433?
69
Calculate the remainder when 319785 is divided by 706.
673
What is the remainder when 78675731 is divided by 1026?
1025
Calculate the remainder when 5545051 is divided by 924174.
7
Calculate the remainder when 558787 is divided by 7551.
13
Calculate the remainder when 11694 is divided by 5995.
5699
What is the remainder when 8646540 is divided by 1652?
1624
Calculate the remainder when 296870 is divided by 8.
6
What is the remainder when 96220 is divided by 289?
272
Calculate the remainder when 107663 is divided by 34513.
4124
Calculate the remainder when 16487465 is divided by 6002.
5973
What is the remainder when 894443 is divided by 17533?
260
Calculate the remainder when 405983062 is divided by 6092.
6090
What is the remainder when 36495968 is divided by 658?
656
Calculate the remainder when 234035 is divided by 1877.
1287
Calculate the remainder when 29732 is divided by 3727.
3643
Calculate the remainder when 310777 is divided by 310227.
550
Calculate the remainder when 5572206 is divided by 867.
864
Calculate the remainder when 96095 is divided by 2694.
1805
Calculate the remainder when 30464909 is divided by 1791.
1790
Calculate the remainder when 142776049 is divided by 802.
801
What is the remainder when 87259728 is divided by 3052?
3048
What is the remainder when 250454 is divided by 83402?
248
What is the remainder when 679819 is divided by 3163?
2937
What is the remainder when 538454 is divided by 268901?
652
Calculate the remainder when 8022154 is divided by 157294.
160
What is the remainder when 1651481 is divided by 50044?
29
Calculate the remainder when 9029179 is divided by 167207.
1
Calculate the remainder when 26741059 is divided by 764030.
9
Calculate the remainder when 25082211 is divided by 16677.
3
Calculate the remainder when 1036296 is divided by 405.
306
Calculate the remainder when 303154 is divided by 303122.
32
What is the remainder when 300825 is divided by 2031?
237
What is the remainder when 44231 is divided by 960?
71
Calculate the remainder when 112459 is divided by 2315.
1339
Calculate the remainder when 527876616 is divided by 19.
15
Calculate the remainder when 1510650 is divided by 755316.
18
What is the remainder when 11688323 is divided by 5369?
10
What is 